 divided by 459?
458
What is the remainder when 234142 is divided by 39018?
34
Calculate the remainder when 60523886 is divided by 1780114.
10
What is the remainder when 356695 is divided by 25474?
59
Calculate the remainder when 4422022 is divided by 1017.
106
Calculate the remainder when 301885 is divided by 27440.
45
What is the remainder when 51925 is divided by 2009?
1700
Calculate the remainder when 1291120 is divided by 125.
120
Calculate the remainder when 1550116 is divided by 926.
918
Calculate the remainder when 24301615 is divided by 14791.
2
What is the remainder when 1835938 is divided by 1666?
6
Calculate the remainder when 16908 is divided by 472.
388
What is the remainder when 70372951 is divided by 179?
175
What is the remainder when 21372604 is divided by 9?
7
Calculate the remainder when 100256 is divided by 4316.
988
Calculate the remainder when 19484651 is divided by 1360.
1291
Calculate the remainder when 19512046 is divided by 415.
406
Calculate the remainder when 21060 is divided by 2947.
431
What is the remainder when 35615986 is divided by 11871995?
1
What is the remainder when 126798 is divided by 1835?
183
What is the remainder when 670721663 is divided by 142?
141
Calculate the remainder when 15559371 is divided by 91525.
121
What is the remainder when 25970 is divided by 8701?
8568
Calculate the remainder when 480895 is divided by 1108.
23
What is the remainder when 18288285 is divided by 4392?
4389
Calculate the remainder when 8855306 is divided by 5784.
2
What is the remainder when 33656 is divided by 11162?
170
Calculate the remainder when 18606765 is divided by 1691519.
56
What is the remainder when 4682 is divided by 128?
74
Calculate the remainder when 9572021 is divided by 531753.
467
Calculate the remainder when 2484785 is divided by 8780.
45
What is the remainder when 1064823 is divided by 634?
337
Calculate the remainder when 1850595 is divided by 374.
43
Calculate the remainder when 534569 is divided by 3090.
3089
Calculate the remainder when 661231 is divided by 55102.
7
Calculate the remainder when 42414 is divided by 1124.
826
What is the remainder when 17634 is divided by 2759?
1080
Calculate the remainder when 20593854 is divided by 28.
22
What is the remainder when 473590 is divided by 236770?
50
What is the remainder when 678967 is divided by 96891?
730
Calculate the remainder when 126892430 is divided by 1143.
1142
What is the remainder when 1331957 is divided by 2012?
13
Calculate the remainder when 949939 is divided by 2982.
1663
What is the remainder when 156815 is divided by 8624?
1583
Calculate the remainder when 201678414 is divided by 81.
78
Calculate the remainder when 75177 is divided by 532.
165
What is the remainder when 56073 is divided by 9342?
21
What is the remainder when 509587 is divided by 945?
232
What is the remainder when 109357 is divided by 776?
717
Calculate the remainder when 1522891 is divided by 3254.
19
Calculate the remainder when 7456028 is divided by 2485337.
17
Calculate the remainder when 758897 is divided by 252647.
956
What is the remainder when 2845819 is divided by 1012?
75
Calculate the remainder when 10978488 is divided by 13.
1
Calculate the remainder when 3869836 is divided by 7663.
21
What is the remainder when 441647 is divided by 1006?
13
What is the remainder when 1030000 is divided by 1683?
4
What is the remainder when 317438 is divided by 26403?
602
Calculate the remainder when 607349 is divided by 204.
41
Calculate the remainder when 46252 is divided by 44825.
1427
What is the remainder when 163617 is divided by 1529?
14
What is the remainder when 9258541 is divided by 21?
19
Calculate the remainder when 1099687 is divided by 2461.
2081
Calculate the remainder when 190263 is divided by 11556.
5367
What is the remainder when 8961306 is divided by 194811?
0
Calculate the remainder when 100927 is divided by 2649.
265
What is the remainder when 192232 is divided by 572?
40
Calculate the remainder when 30872496 is divided by 932.
928
Calculate the remainder when 77832 is divided by 9092.
5096
What is the remainder when 208905 is divided by 951?
636
Calculate the remainder when 619292 is divided by 2797.
1155
What is the remainder when 551016919 is divided by 17?
16
What is the remainder when 22169766 is divided by 10?
6
Calculate the remainder when 2371122 is divided by 125.
122
Calculate the remainder when 2603748 is divided by 625.
623
Calculate the remainder when 19936425 is divided by 119.
117
What is the remainder when 28047394 is divided by 668?
78
Calculate the remainder when 5697428 is divided by 18.
14
What is the remainder when 2590583 is divided by 2570?
23
Calculate the remainder when 487238 is divided by 162377.
107
Calculate the remainder when 1230794 is divided by 5698.
26
What is the remainder when 3114429 is divided by 66?
21
Calculate the remainder when 2379181 is divided by 139.
57
Calculate the remainder when 23970543 is divided by 5992635.
3
Calculate the remainder when 32182 is divided by 947.
931
Calculate the remainder when 55783 is divided by 850.
533
What is the remainder when 267729 is divided by 7418?
681
Calculate the remainder when 14026180 is divided by 85.
75
Calculate the remainder when 3146412 is divided by 43700.
12
What is the remainder when 2536492 is divided by 507258?
202
Calculate the remainder when 293465670 is divided by 27.
24
Calculate the remainder when 2357705 is divided by 336815.
0
Calculate the remainder when 42969739 is divided by 1138.
1135
What is the remainder when 1956736 is divided by 442?
2
What is the remainder when 191281 is divided by 75?
31
Calculate the remainder when 3106852 is divided by 443827.
63
Calculate the remainder when 757403 is divided by 604.
591
What is the remainder when 53950 is divided by 53886?
64
Calculate the remainder when 1922967 is divided by 68.
63
Calculate the remainder when 205460 is divided by 102634.
192
Calculate the remainder when 307958 is divided by 2012.
122
What is the remainder when 5842642 is divided by 55?
47
What is the remainder when 69245 is divided by 1403?
498
What is the remainder when 3483112 is divided by 4477?
6
What is the remainder when 714927 is divided by 142977?
42
What is the remainder when 9032299 is divided by 1025?
1024
What is the remainder when 51328948 is divided by 255?
253
Calculate the remainder when 117166 is divided by 4667.
491
What is the remainder when 15320846 is divided by 5?
1
What is the remainder when 150951 is divided by 155?
136
Calculate the remainder when 677534 is divided by 2394.
32
Calculate the remainder when 15029270 is divided by 7.
4
What is the remainder when 27078948 is divided by 1353947?
8
What is the remainder when 16571184 is divided by 651?
630
What is the remainder when 44495655 is divided by 110?
105
Calculate the remainder when 7192342 is divided by 341.
311
What is the remainder when 370806 is divided by 2873?
189
Calculate the remainder when 1769213 is divided by 2142.
2063
What is the remainder when 6180306 is divided by 5037?
4944
What is the remainder when 193829 is divided by 491?
375
What is the remainder when 847263 is divided by 8605?
3973
What is the remainder when 306733 is divided by 30638?
353
What is the remainder when 495843 is divided by 310?
153
Calculate the remainder when 2359595 is divided by 21647.
72
What is the remainder when 73921616 is divided by 85?
6
Calculate the remainder when 62684 is divided by 269.
7
What is the remainder when 1345812 is divided by 74765?
42
Calculate the remainder when 4863196 is divided by 1621065.
1
Calculate the remainder when 3141977 is divided by 34.
3
Calculate the remainder when 3944571 is divided by 219142.
15
Calculate the remainder when 82744448 is divided by 1414.
1410
What is the remainder when 3467494 is divided by 369?
1
Calculate the remainder when 9592171 is divided by 3650.
3621
Calculate the remainder when 16361 is divided by 1327.
437
Calculate the remainder when 116228110 is divided by 154.
152
What is the remainder when 217662 is divided by 386?
344
Calculate the remainder when 15864635 is divided by 272.
235
Calculate the remainder when 1609360 is divided by 836.
60
What is the remainder when 4022430 is divided by 828?
6
What 